 13, 271
What are the prime factors of 898439?
898439
What are the prime factors of 143879?
143879
What are the prime factors of 796508?
2, 107, 1861
List the prime factors of 235338.
2, 3, 61, 643
List the prime factors of 1923458.
2, 961729
What are the prime factors of 649120?
2, 5, 4057
List the prime factors of 67804.
2, 11, 23, 67
What are the prime factors of 3136868?
2, 7, 112031
What are the prime factors of 543238?
2, 271619
List the prime factors of 394248.
2, 3, 16427
List the prime factors of 2057175.
3, 5, 41, 223
List the prime factors of 1042864.
2, 65179
What are the prime factors of 3897905?
5, 11, 131, 541
List the prime factors of 542552.
2, 67819
List the prime factors of 625662.
2, 3, 34759
What are the prime factors of 668116?
2, 19, 59, 149
What are the prime factors of 6452580?
2, 3, 5, 41, 43, 61
List the prime factors of 488129.
19, 23, 1117
List the prime factors of 1278804.
2, 3, 61, 1747
List the prime factors of 182628.
2, 3, 19, 89
What are the prime factors of 1699056?
2, 3, 19, 23
List the prime factors of 722395.
5, 144479
List the prime factors of 1197253.
839, 1427
What are the prime factors of 11318357?
19, 595703
What are the prime factors of 2356745?
5, 139, 3391
List the prime factors of 1359097.
1359097
List the prime factors of 363751.
363751
What are the prime factors of 568219?
41, 13859
What are the prime factors of 4088082?
2, 3, 83, 8209
What are the prime factors of 1212457?
17, 73, 977
List the prime factors of 17439048.
2, 3, 11, 97, 227
What are the prime factors of 215360?
2, 5, 673
What are the prime factors of 292664?
2, 36583
List the prime factors of 684255.
3, 5, 11, 13, 29
What are the prime factors of 5302991?
5302991
What are the prime factors of 100867?
13, 7759
What are the prime factors of 24002343?
3, 29, 41, 2243
What are the prime factors of 4047215?
5, 809443
List the prime factors of 1046920.
2, 5, 7, 3739
List the prime factors of 16357175.
5, 47, 13921
List the prime factors of 233100.
2, 3, 5, 7, 37
List the prime factors of 5800169.
137, 42337
What are the prime factors of 1764870?
2, 3, 5, 89, 661
What are the prime factors of 1968567?
3, 173, 3793
List the prime factors of 22615350.
2, 3, 5, 150769
List the prime factors of 172130.
2, 5, 7, 2459
What are the prime factors of 5945329?
13, 457333
What are the prime factors of 3718692?
2, 3, 53, 1949
List the prime factors of 1338705.
3, 5, 71, 419
List the prime factors of 455878.
2, 103, 2213
What are the prime factors of 44423876?
2, 7, 1586567
What are the prime factors of 818355?
3, 5, 89, 613
List the prime factors of 3461829.
3, 7, 17, 9697
List the prime factors of 675639.
3, 41, 1831
List the prime factors of 263399.
263399
List the prime factors of 3105385.
5, 751, 827
What are the prime factors of 179934?
2, 3, 29989
What are the prime factors of 4299562?
2, 2149781
What are the prime factors of 4196955?
3, 5, 7, 39971
What are the prime factors of 1307805?
3, 5, 87187
What are the prime factors of 5586690?
2, 3, 5, 73, 2551
What are the prime factors of 46979?
109, 431
List the prime factors of 316475.
5, 12659
List the prime factors of 119646.
2, 3, 17, 23
What are the prime factors of 233210?
2, 5, 23321
What are the prime factors of 836767?
457, 1831
List the prime factors of 2325321.
3, 71, 1213
What are the prime factors of 888187?
163, 5449
What are the prime factors of 4019181?
3, 23, 31, 1879
List the prime factors of 16509531.
3, 5503177
List the prime factors of 12602990.
2, 5, 41, 59, 521
What are the prime factors of 2421711?
3, 257, 349
List the prime factors of 344233.
17, 20249
List the prime factors of 85158.
2, 3, 19, 83
What are the prime factors of 8036870?
2, 5, 803687
List the prime factors of 214608.
2, 3, 17, 263
List the prime factors of 896745.
3, 5, 191, 313
What are the prime factors of 225710?
2, 5, 22571
List the prime factors of 892342.
2, 11, 47, 863
What are the prime factors of 61794?
2, 3, 3433
What are the prime factors of 17330651?
13, 523, 2549
List the prime factors of 1099154.
2, 7, 78511
What are the prime factors of 1376676?
2, 3, 7, 607
What are the prime factors of 960984?
2, 3, 1483
List the prime factors of 9391259.
17, 131, 4217
List the prime factors of 8022436.
2, 17, 117977
List the prime factors of 9860772.
2, 3, 19, 61, 709
List the prime factors of 155570.
2, 5, 47, 331
What are the prime factors of 14173915?
5, 7, 404969
List the prime factors of 17084788.
2, 7, 173, 3527
What are the prime factors of 56247?
3, 18749
What are the prime factors of 22234062?
2, 3, 17, 217981
List the prime factors of 110434.
2, 55217
List the prime factors of 9371898.
2, 3, 293, 1777
What are the prime factors of 2227?
17, 131
What are the prime factors of 595830?
2, 3, 5, 19861
List the prime factors of 9365311.
9365311
List the prime factors of 991507.
11, 23, 3919
What are the prime factors of 352608?
2, 3, 3673
What are the prime factors of 767927?
631, 1217
List the prime factors of 5141076.
2, 3, 37, 11579
List the prime factors of 161848.
2, 20231
List the prime factors of 28461782.
2, 31, 467, 983
What are the prime factors of 844792?
2, 13, 8123
What are the prime factors of 8408171?
509, 16519
What are the prime factors of 35075?
5, 23, 61
List the prime factors of 9253030.
2, 5, 29, 31907
What are the prime factors of 225251?
13, 17327
List the prime factors of 125946.
2, 3, 6997
List the prime factors of 296148.
2, 3, 23, 29, 37
List the prime factors of 2956381.
19, 155599
List the prime factors of 89784.
2, 3, 29, 43
List the prime factors of 12088999.
13, 313, 2971
List the prime factors of 2552267.
257, 9931
List the prime factors of 901725.
3, 5, 11, 1093
List the prime factors of 1226147.
13, 257, 367
What are the prime factors of 375928?
2, 7, 137
List the prime factors of 302356.
2, 269, 281
List the prime factors of 409137.
3, 136379
List the prime factors of 93193.
41, 2273
List the prime factors of 326611.
326611
List the prime factors of 729862.
2, 7, 37, 1409
List the prime factors of 252854.
2, 7, 18061
List the prime factors of 823576.
2, 13, 7919
What are the prime factors of 380647?
17, 22391
What are the prime factors of 11325121?
19, 596059
List the prime factors of 5922208.
2, 185069
What are the prime factors of 485683?
11, 67, 659
List the prime factors of 14440500.
2, 3, 5, 3209
What are the prime factors of 99769?
19, 59, 89
List the prime factors of 282495.
3, 5, 37, 509
What are the prime factors of 267245?
5, 11, 43, 113
What are the prime factors of 1421033?
109, 13037
List the prime factors of 24032331.
3, 401, 6659
What are the prime factors of 718481?
743, 967
List the prime factors of 284245.
5, 13, 4373
List the prime factors of 7853.
7853
What are the prime factors of 660201?
3, 359, 613
List the prime factors of 4146207.
3, 13, 41, 2593
What are the prime factors of 2040903?
3, 269, 281
List the prime factors of 1717147.
53, 179, 181
List the prime factors of 155329.
17, 9137
What are the prime factors of 12370715?
5, 7, 571, 619
What are the prime factors of 191648?
2, 53, 113
What are the prime factors of 718799?
37, 19427
List the prime factors of 168789.
3, 56263
What are the prime factors of 4808357?
23, 41, 5099
What are the prime factors of 3793790?
2, 5, 7, 11, 13, 379
List the prime factors of 103911.
3, 19, 1823
List the prime factors of 7574792.
2, 17, 55697
What are the prime factors of 407698?
2, 23, 8863
List the prime factors of 318500.
2, 5, 7, 13
What are the prime factors of 5705336?
2, 7, 13, 17, 461
What are the prime factors of 12800466?
2, 3, 7, 23, 631
What are the prime factors of 388530?
2, 3, 5, 1439
What are the prime factors of 691601?
181, 3821
List the prime factors of 446186.
2, 13, 131
List the prime factors of 476739.
3, 17657
List the prime factors of 1119092.
2, 13, 21521
List the prime factors of 15384245.
5, 347, 8867
What are the prime factors of 4597086?
2, 3, 13, 58937
List the prime factors of 93216.
2, 3, 971
List the prime factors of 13457848.
2, 113, 14887
List the prime factors of 1420447.
7, 202921
List the prime factors of 287734.
2, 47, 3061
List the prime factors of 2138253.
3, 13, 109, 503
What are the prime factors of 6062349?
3, 19, 106357
List the prime factors of 411085.
5,